4?
2
What is the remainder when 3074 is divided by 505?
44
Calculate the remainder when 11993 is divided by 3929.
206
Calculate the remainder when 13061 is divided by 87.
11
Calculate the remainder when 141534 is divided by 11.
8
Calculate the remainder when 445826 is divided by 148605.
11
What is the remainder when 4616 is divided by 1536?
8
Calculate the remainder when 147718 is divided by 40.
38
Calculate the remainder when 3252 is divided by 3247.
5
What is the remainder when 4563 is divided by 377?
39
Calculate the remainder when 9790 is divided by 2427.
82
What is the remainder when 3153 is divided by 140?
73
What is the remainder when 2853253 is divided by 185?
183
Calculate the remainder when 42131 is divided by 1620.
11
Calculate the remainder when 220555 is divided by 546.
517
What is the remainder when 673 is divided by 100?
73
What is the remainder when 4436 is divided by 29?
28
Calculate the remainder when 136384 is divided by 11.
6
What is the remainder when 3934 is divided by 390?
34
Calculate the remainder when 46001 is divided by 217.
214
Calculate the remainder when 19479 is divided by 2415.
159
What is the remainder when 33862 is divided by 2418?
10
Calculate the remainder when 14516 is divided by 163.
9
Calculate the remainder when 1741 is divided by 1729.
12
What is the remainder when 7630 is divided by 106?
104
What is the remainder when 1018 is divided by 619?
399
Calculate the remainder when 25056 is divided by 101.
8
What is the remainder when 4355 is divided by 29?
5
Calculate the remainder when 3934 is divided by 654.
10
What is the remainder when 65706 is divided by 65678?
28
What is the remainder when 211319 is divided by 6215?
9
Calculate the remainder when 4455 is divided by 406.
395
Calculate the remainder when 60097 is divided by 21.
16
What is the remainder when 3103 is divided by 605?
78
Calculate the remainder when 57474 is divided by 974.
8
Calculate the remainder when 261792 is divided by 47.
2
What is the remainder when 2769 is divided by 890?
99
Calculate the remainder when 31894 is divided by 10593.
115
Calculate the remainder when 1181 is divided by 996.
185
What is the remainder when 2412 is divided by 1212?
1200
What is the remainder when 85890 is divided by 417?
405
What is the remainder when 7885 is divided by 121?
20
What is the remainder when 16239 is divided by 37?
33
Calculate the remainder when 82034 is divided by 123.
116
What is the remainder when 28293 is divided by 2569?
34
Calculate the remainder when 2019 is divided by 27.
21
What is the remainder when 181942 is divided by 84?
82
What is the remainder when 25343 is divided by 53?
9
What is the remainder when 960832 is divided by 1530?
1522
Calculate the remainder when 449 is divided by 197.
55
Calculate the remainder when 572 is divided by 305.
267
What is the remainder when 1139 is divided by 377?
8
Calculate the remainder when 23049 is divided by 1146.
129
What is the remainder when 46850 is divided by 98?
6
Calculate the remainder when 9549 is divided by 152.
125
Calculate the remainder when 25270 is divided by 3608.
14
Calculate the remainder when 3644 is divided by 1696.
252
What is the remainder when 2321 is divided by 1973?
348
Calculate the remainder when 12391 is divided by 778.
721
Calculate the remainder when 4926 is divided by 410.
6
Calculate the remainder when 1373 is divided by 530.
313
Calculate the remainder when 5212 is divided by 266.
158
Calculate the remainder when 50766 is divided by 679.
520
What is the remainder when 37023 is divided by 227?
22
Calculate the remainder when 937812 is divided by 23445.
12
What is the remainder when 676013 is divided by 2061?
5
Calculate the remainder when 8408 is divided by 71.
30
Calculate the remainder when 19928 is divided by 19911.
17
What is the remainder when 965 is divided by 393?
179
What is the remainder when 1161 is divided by 348?
117
What is the remainder when 30595 is divided by 340?
335
Calculate the remainder when 4228 is divided by 1289.
361
Calculate the remainder when 16859 is divided by 5580.
119
Calculate the remainder when 113067 is divided by 382.
377
What is the remainder when 79307 is divided by 27?
8
Calculate the remainder when 948838 is divided by 24.
22
What is the remainder when 39128 is divided by 35?
33
What is the remainder when 55381 is divided by 301?
298
Calculate the remainder when 18808 is divided by 191.
90
What is the remainder when 1559370 is divided by 194?
192
Calculate the remainder when 2972 is divided by 2820.
152
Calculate the remainder when 89230 is divided by 1144.
1142
What is the remainder when 4689 is divided by 4556?
133
What is the remainder when 587 is divided by 578?
9
Calculate the remainder when 1815451 is divided by 194.
193
What is the remainder when 6314 is divided by 37?
24
Calculate the remainder when 341147 is divided by 92.
11
Calculate the remainder when 118353 is divided by 904.
833
Calculate the remainder when 3190 is divided by 3087.
103
Calculate the remainder when 172078 is divided by 723.
4
Calculate the remainder when 25347 is divided by 5.
2
Calculate the remainder when 21220 is divided by 436.
292
What is the remainder when 1914793 is divided by 233?
232
Calculate the remainder when 854710 is divided by 324.
322
What is the remainder when 848252 is divided by 651?
650
Calculate the remainder when 9312 is divided by 13.
4
What is the remainder when 661 is divided by 158?
29
What is the remainder when 34864 is divided by 39?
37
Calculate the remainder when 915 is divided by 94.
69
What is the remainder when 14344 is divided by 290?
134
Calculate the remainder when 214326 is divided by 56.
14
What is the remainder when 3969983 is divided by 87?
86
Calculate the remainder when 1894 is divided by 22.
2
Calculate the remainder when 42369 is divided by 10.
9
What is the remainder when 47014 is divided by 7831?
28
What is the remainder when 23819 is divided by 15?
14
What is the remainder when 16230 is divided by 21?
18
What is the remainder when 11013 is divided by 847?
2
What is the remainder when 105192 is divided by 289?
285
Calculate the remainder when 7040 is divided by 3478.
84
Calculate the remainder when 26266 is divided by 9.
4
What is the remainder when 377697 is divided by 1067?
1046
What is the remainder when 367424 is divided by 1701?
8
What is the remainder when 4302 is divided by 1423?
33
Calculate the remainder when 250348 is divided by 48.
28
Calculate the remainder when 37110 is divided by 17.
16
What is the remainder when 8828 is divided by 2932?
32
Calculate the remainder when 231658 is divided by 46329.
13
What is the remainder when 286595 is divided by 95529?
8
Calculate the remainder when 23996 is divided by 421.
420
Calculate the remainder when 587214 is divided by 60.
54
Calculate the remainder when 20377 is divided by 725.
77
What is the remainder when 33815 is divided by 16?
7
Calculate the remainder when 358352 is divided by 4.
0
What is the remainder when 55946 is divided by 27971?
4
What is the remainder when 118935 is divided by 86?
83
Calculate the remainder when 33481 is divided by 3717.
28
What is the remainder when 95142 is divided by 47535?
72
What is the remainder when 46978 is divided by 362?
280
Calculate the remainder when 1904 is divided by 22.
12
What is the remainder when 5207 is divided by 99?
59
What is the remainder when 2268 is divided by 118?
26
Calculate the remainder when 13957 is divided by 47.
45
Calculate the remainder when 121599 is divided by 1351.
9
What is the remainder when 613531 is divided by 308?
303
Calculate the remainder when 53956 is divided by 1148.
0
What is the remainder when 6496 is divided by 437?
378
Calculate the remainder when 209567 is divided by 4364.
95
What is the remainder when 135526 is divided by 135515?
11
Calculate the remainder when 844250 is divided by 306.
302
Calculate the remainder when 24361 is divided by 186.
181
What is the remainder when 10239 is divided by 18?
15
Calculate the remainder when 386167 is divided by 46.
43
Calculate the remainder when 6203 is divided by 510.
83
Calculate the remainder when 22772 is divided by 303.
47
Calculate the remainder when 27989 is divided by 2536.
93
Calculate the remainder when 6798 i